5*g = -z + 226, -2*z - 4*g - x = -564. What are the prime factors of z?
3, 7, 11
Suppose -4*p - 61 - 227 = 0. Let m = -7 - p. What are the prime factors of m?
5, 13
Suppose 162 = -3*i + 6. Suppose -a = -3 - 7. What are the prime factors of -2 - 5/(a/i)?
2, 3
Suppose v + 0*d + 4*d = 161, 4*d = -20. Suppose -v = -3*i + 140. List the prime factors of i.
107
Suppose -6 = -3*t, 3*h - 211 = 5*t - 71. Let f = h - 45. List the prime factors of f.
5
Suppose 34 - 6 = -4*w. Let b(r) = r**2 - 3*r + 16. What are the prime factors of b(w)?
2, 43
What are the prime factors of -190*(-56)/(-32)*-2?
5, 7, 19
Suppose -53 - 2 = -3*x + 5*k, -4*x + 96 = -k. Suppose 2*y = 3*a + 2, 7 = 3*y - a + 4. Suppose y = -t + x. What are the prime factors of t?
2, 3
Suppose 2*i - 2429 = -3*u, 0 = u + 16*i - 19*i - 795. List the prime factors of u.
3, 269
Suppose 0*g + 8 = g + 2*y, -g + 5*y = 6. Let l(k) = g + 2 + 2*k - 13*k + 2*k**2 - 1. List the prime factors of l(8).
3, 5
Let k = -12 - -9. List the prime factors of ((-58)/(-3))/((-2)/k).
29
Let h(z) be the second derivative of -z**4/6 + 97*z**2/2 + 15*z. List the prime factors of h(0).
97
Let y = -11 - -14. Suppose -2*s - 5*d = 16, y*s - 2*s + 10 = -3*d. Suppose -4*h - 30 = -5*c - 145, -38 = -s*h - 4*c. List the prime factors of h.
5
Suppose 3*d - 2*a = d + 252, -3*d + 374 = -4*a. Let j = 94 - 20. Let t = d - j. What are the prime factors of t?
2, 7
Suppose -3*v = -156 + 36. Suppose x = 4*y + 129, -314 = -3*x + y + v. List the prime factors of x.
3, 13
Let k = 1660 + 701. What are the prime factors of k?
3, 787
Let o = -80 - -238. What are the prime factors of o?
2, 79
Let w be (6/(-2))/(-3) - 0. Let x(m) = 36*m**2 - 2*m. Let s be x(-1). Let g = w + s. List the prime factors of g.
3, 13
Let y = -1615 - -2470. List the prime factors of y.
3, 5, 19
Suppose 2*r = 6, 0 = 3*z + z - 3*r + 49. Let d = 43 + z. What are the prime factors of d?
3, 11
Let m(i) = -11*i + 102. List the prime factors of m(-2).
2, 31
Suppose -l = 3*z - 20, 0*z + z = 2*l + 16. Let c be ((-180)/z)/((-12)/80). Suppose 0*p + 5*p = c. List the prime factors of p.
2, 3, 5
Let v(q) = -q**2 - 5*q + 1. Let u be v(-3). Let w(d) = -d**3 + 9*d**2 - 11*d + 8. List the prime factors of w(u).
29
Let f(w) = -46*w + 2. Let d be f(2). Let t(x) = -x**3 + 3*x**2 - 8*x - 16. Let g be t(-4). Let j = d + g. What are the prime factors of j?
2, 19
Suppose -2*t = w + 3*w + 2, 0 = -3*w. What are the prime factors of 490/15 - (t + (-10)/(-6))?
2
Let z(y) = -y**2 - 5*y + 7. Let g be z(-6). Let w be 2 + -4*14/4. What are the prime factors of (-50)/w + g/(-6)?
2
Suppose -3*y - 2906 = -n, 6*y - 15 = 11*y. List the prime factors of n.
2897
Let x(a) = 170*a**2 - 169*a**2 + 9 - 9*a + a. Suppose -t + 15 = -2*k, 0 = 5*t + k + 2*k - 23. List the prime factors of x(t).
2
Suppose -4*o = -2*z + 10, -4*z - 5*o = -35 - 37. Let j be 2/z - (-108)/(-26). Let t(f) = 3*f**2 + 2*f - 5. What are the prime factors of t(j)?
5, 7
Let m(t) = -12*t + 4. Let q be (-6)/(1 - 1/(-1)) + 1. What are the prime factors of m(q)?
2, 7
Let v(q) = 7*q**2 + 1 - 7*q**3 + 2 + 2*q**3 + 6*q**3 + 2*q. Let p be (5/(-10)*-2)/(3/(-18)). List the prime factors of v(p).
3
Suppose 1235 + 155 = 5*r + 5*b, b - 1382 = -5*r. List the prime factors of r.
2, 3, 23
Let k = 11161 - 6517. What are the prime factors of k?
2, 3, 43
Let p(a) = -5*a + 4*a + 2*a. Let d be p(6). Let f = 4 + d. List the prime factors of f.
2, 5
Let x(d) = d**3 - 5*d**2 - 4*d - 41. What are the prime factors of x(8)?
7, 17
Suppose 1600*h = 1602*h - 6140. List the prime factors of h.
2, 5, 307
Let n be 6 - (-2 + 5) - (3 - -1). Let d(w) = -125*w**3 + 2*w**2 + 2*w + 1. What are the prime factors of d(n)?
2, 3, 7
Suppose 2*z + 846 = 8*z. Suppose 231 = 6*g - z. List the prime factors of g.
2, 31
Let m be 3 + -2 + 0 - 1. Suppose m = 11*i - 9*i + 8. What are the prime factors of i/14 - 3410/(-77)?
2, 11
Let v be ((-42)/8)/((-12)/16). Suppose -202 = -2*d - 5*u, v*u - 4*u = -12. What are the prime factors of d?
3, 37
Let f be (-12)/6 - (-4)/(-2). Let r = 6 + f. Suppose -50 = -r*i + n + 17, -2*i + 42 = 4*n. List the prime factors of i.
31
Let h be (0 - -1 - 0)*4. Let s be (29 + -13)*26/h. Let b = s + -50. What are the prime factors of b?
2, 3
Let a(u) = -4*u**2 - 3*u + 6. Let b be a(-5). Let o = -55 - b. What are the prime factors of o?
2, 3
Let q = 4 - 0. Suppose 0*j - q*j + 8 = 0, -k = -5*j - 44. What are the prime factors of k?
2, 3
Let z be -5 + 3/(4/4). Let x be (-2)/2 - (-1124)/2. List the prime factors of (z/3)/((-11)/x).
2, 17
Suppose 0*t + 24 = -2*t - 2*k, 5*t + 4*k + 58 = 0. Let r(y) = -11*y - 14. List the prime factors of r(t).
2, 3
Let u be ((-13)/(-4))/((-1)/4). Let y = 26 - u. List the prime factors of y.
3, 13
Let g be (2*(-1 - -4))/2. Suppose -5*y = -3*j + 147 - 561, -g*j - 162 = -2*y. What are the prime factors of y?
2, 3, 7
Let s = -493 - -2480. List the prime factors of s.
1987
Let m = -3 + 8. Let g be (m - 2 - -3) + -3. What are the prime factors of g + 0 + 0 + 13?
2
List the prime factors of 1092/20 + 6/15.
5, 11
Suppose -q - 1 = -5. Suppose 3*k = 7*k + q*c - 148, 4*c + 27 = k. List the prime factors of k.
5, 7
Let p(v) = 3*v**2 - 7*v + 3. What are the prime factors of p(3)?
3
Suppose 11*d - 27*d + 7680 = 0. List the prime factors of d.
2, 3, 5
What are the prime factors of (-438495)/(-529) - (-6)/69?
829
Suppose -38*b = -33*b - 20. Suppose -696 = -b*n + 3*f, 4*n + 2*f = 4*f + 700. List the prime factors of n.
3, 59
Let k(c) = 2*c**3 - 19*c**2 + 15*c - 9. Let h be k(12). Suppose -8*l - l = -h. List the prime factors of l.
3, 11
Let p be 10/3*(-3)/2. List the prime factors of 5/25 + (-899)/p.
2, 3, 5
Let d = 2 - -1. Suppose -u + 2 = d. List the prime factors of ((-15)/(-5))/(u/(-3)).
3
Suppose -2*x - 3*x - 4*g = 19, 0 = -4*x - 5*g - 17. Let r = x + 69. What are the prime factors of r?
2, 3, 11
Suppose -2767 - 8753 = -5*g. List the prime factors of g.
2, 3
Let n be (-855)/(-7) + -3 + 3/(-21). Suppose 4*y = -i + 146 + n, -2*y = -4*i - 146. List the prime factors of y.
67
Let f = -4 - -6. Let v be (2 + 9/(-3))*f. List the prime factors of 12/(-8) - 35/v.
2
Suppose 3*v + 4*h + 346 = 5*v, -2*v + h + 337 = 0. What are the prime factors of v?
167
Let x(d) = 2*d**2 - 16*d + 23. What are the prime factors of x(11)?
89
Suppose -73*o + 81124 = -5*o. List the prime factors of o.
1193
Suppose 0 = -5*h + 5*j + 2400, 2*h + 7*j - 4*j - 980 = 0. List the prime factors of h.
2, 11
Let a = 24 + -29. Let k(y) = -y**2 - 6*y + 1. Let s be k(a). Let g = 0 + s. What are the prime factors of g?
2, 3
Let w(m) = -282*m**3 - m**2 + 1. What are the prime factors of w(-1)?
2, 3, 47
Let w(u) = 20*u - 5. Let x = 8 + -4. What are the prime factors of w(x)?
3, 5
Let b = -37 + 76. Suppose -3*u - 3*o + b = 0, 2*u + o = -2*u + 58. List the prime factors of u.
3, 5
List the prime factors of (-34000)/(-96) + (-10)/(-12).
5, 71
Suppose -3*i + 12 = -0. Suppose 4*c - 272 = -0*c + i*b, -264 = -4*c - 4*b. What are the prime factors of c?
67
Suppose -7*t = 409 - 8130. List the prime factors of t.
1103
Suppose 54 = -2*z + 5*z. Suppose 16 + z = -b. Let n = 110 + b. What are the prime factors of n?
2, 19
Suppose 0 = 2*a + 33 - 105. What are the prime factors of (45/(-6))/((-6)/a)?
3, 5
Let j = 31 - 26. Suppose 4*u - 8*u - 4 = -c, -5*c + 120 = j*u. Let h = 29 - c. List the prime factors of h.
3
Suppose 149*v = 173*v - 102360. List the prime factors of v.
5, 853
Suppose v - 90 = 45. Let j = v + -92. What are the prime factors of j?
43
Let w = -181 + 914. List the prime factors of w.
733
What are the prime factors of (5 - (-34)/(-8))*552?
2, 3, 23
Let k be 9/(-15) + 52/20. Suppose -k*d - 18 = -306. Suppose 4*r - d = 72. What are the prime factors of r?
2, 3
Let a be (-3 + 1 - -5) + (-2)/2. List the prime factors of 169 + (a - 2) + -3.
2, 83
Let t(l) = -7*l - 6. Let v be t(5). What are the prime factors of -2 - -2 - v - 2?
3, 13
What are the prime factors of (-8)/(-6) + 8631/27?
3, 107
Suppose 4*g = 6*g - 1172. What are the prime factors of g?
2, 293
Let b(p) be the third derivative of -p**4/24 + 17*p**3/6 + p**2 - 6. Let i = -16 - -28. List the prime factors of b(i).
5
Suppose 103*c - 46956 = 90*c. List the prime factors of c.
2, 3, 7, 43
Suppose -5*i = -2*b - 319 - 1420, -3*i + 3*b = -1047. List the pr